/(-2)*-4. What are the prime factors of -2 + 11/5 + j/15?
2, 5
Let m(q) = 5*q**2 - 4 - 4*q**2 + 28 - 10*q + 2. What are the prime factors of m(8)?
2, 5
Suppose 4*u - 768 = 5*i + 2372, -4*u + 3*i = -3140. What are the prime factors of u?
5, 157
Suppose -51*k + 55*k = 16. Suppose 0 = -2*j + k*s + 110, -3*j + 4*s + 161 = -s. List the prime factors of j.
47
Let z = 734 + -515. What are the prime factors of z?
3, 73
Let w(o) = 4*o**2 + 45*o + 389. What are the prime factors of w(-9)?
2, 7, 11
Suppose -4*j + 5*l - 17 + 4 = 0, 2*j - 4*l = -14. Let f(d) = -10*d - 4*d - j + 2*d + 5*d. List the prime factors of f(-5).
2
Let i(l) be the third derivative of -l**4/12 + 5*l**3/3 + 7*l**2. List the prime factors of i(-7).
2, 3
Suppose 3*n - 2*n = 0. Let f = n - -2. What are the prime factors of -12*f/(4/(-3))?
2, 3
What are the prime factors of 170898/49 - (-2)/7?
2, 109
Let m(l) = l - 1. Let k(i) = -2*i**2 + 12*i - 16. Let d(a) = 2*k(a) - 28*m(a). Let u be d(-3). List the prime factors of (-50)/4*u/35.
2, 5
Suppose 2*y + 3*y = -5*j + 2155, -5*y = 4*j - 2150. List the prime factors of y.
2, 3, 71
Let u = 71 - 69. Suppose 3*s + 3*b = 21, 39 = 5*s + 5*b - 4*b. Let i = u + s. List the prime factors of i.
2, 5
Let r(k) = -k**3 - 16*k**2 + k + 5. Let x be r(-16). Let z = 14 + x. Suppose 45 = 4*l - n, z*l - 4*n - 47 = -10. What are the prime factors of l?
11
Let v = -43 + 39. What are the prime factors of 27 + 0 - (v + 8)?
23
Let x(r) = -r**3 + 25*r**2 - 27*r + 43. What are the prime factors of x(23)?
2, 3, 5
Let l(s) = 2*s**2 + 15*s + 13. Let a be l(-5). What are the prime factors of 2/((-406)/(-1182) - (-4)/a)?
197
Suppose 5*g = 25, p + g + 0*g - 3 = 0. Let l(i) = i**3 + 3*i**2 + i + 1. What are the prime factors of l(p)?
3
Suppose 30*q + 240 = 34*q. Let p = q + -26. List the prime factors of p.
2, 17
Let s(p) = -p**3 + 10*p**2 + 12*p - 45. What are the prime factors of s(9)?
2, 3
Suppose -3*c - 2*j + 4073 = 0, -10*j + 6787 = 5*c - 6*j. List the prime factors of c.
3, 151
Let i be 6/18 + 10/6. Suppose m - b - 5 = 0, 0 = -i*m - b + 10 - 0. Let v(c) = c - 3. List the prime factors of v(m).
2
Let r(v) = 26*v + 1. Let i be r(8). Let g = i - 132. What are the prime factors of g?
7, 11
Suppose 12*q = 90061 - 24565. What are the prime factors of q?
2, 2729
Let i be (-6678)/90 - 2/(-10). Let n = -52 - i. Let s = 19 + n. List the prime factors of s.
41
Suppose -32304 = -2*z - 4*z. What are the prime factors of z?
2, 673
Let j(t) = -t**3 - 30*t**2 + 69*t + 401. What are the prime factors of j(-33)?
13, 107
Let h = 28 - 18. Let o = h - 12. List the prime factors of o/(-4)*1*14.
7
List the prime factors of (1089/(-18))/(0 + (-5)/130).
11, 13
Suppose -2*t - 98 = -588. What are the prime factors of t?
5, 7
List the prime factors of ((-11540)/60)/(1/(-3)).
577
Let y(l) = -25*l**3 + 8*l**2 + 3*l - 46. What are the prime factors of y(-5)?
2, 3, 17
Suppose 2*g = 7*g + 3*u - 3393, 2033 = 3*g - u. List the prime factors of g.
2, 3, 113
Suppose s - 1 + 3 = 0, -3*s - 595 = -f. Suppose -4*g + f = -75. List the prime factors of g.
2, 83
What are the prime factors of (-1744)/(-6)*(71/4 - -1)?
2, 5, 109
Let d = 11 - 8. Suppose -2 = d*v - 2*v. List the prime factors of ((-3)/v - 1)*142.
71
Let h(b) = b**2 - 12*b + 4. Let l be h(6). List the prime factors of l/160 - (1082/(-10) + 2).
2, 53
Let w be (-3 + 8/4)/(-1). Suppose -j = -t - w, -2*j - 15 = 3*j. List the prime factors of t*(2/(-1) + -3).
2, 5
List the prime factors of (-8)/(-36)*-12 + (-22990)/(-6).
7, 547
Let p(k) = -k**3 + 14*k**2 + 24*k + 4. List the prime factors of p(13).
5, 97
Suppose 40 = 5*d + 25. What are the prime factors of -4 - d*(-116)/3?
2, 7
Let b = 6 - 4. Suppose b*s = -s + 21. Let z = s - -1. What are the prime factors of z?
2
Let o = -463 + 644. List the prime factors of o.
181
What are the prime factors of 640561/244 - (0 - (-1)/4)?
3, 5, 7
Let p(z) = 3*z - 7. Let i(s) be the first derivative of s**2 - 8*s + 6. Let x(v) = 6*i(v) - 7*p(v). What are the prime factors of x(-1)?
2, 5
Let o(w) = -w**2 + 10*w - 12. Let g be o(8). Suppose -4*r = -4 - g. Suppose 22 = l - 4*q, -5 + 56 = r*l - q. What are the prime factors of l?
2, 13
Let s(m) = 2126*m + 18. What are the prime factors of s(1)?
2, 67
Let y be (0 + -1)*(-19 + 16). Suppose 2*t - 66 = -2*c, 0 = t - 6*t - y*c + 173. List the prime factors of t.
37
Suppose 4*k + 2*y + 0*y = 14, -26 = -4*k + 2*y. Let x(w) = w**3 - 5*w**2 - 4*w + 8. Let t be x(k). What are the prime factors of ((-44)/(-8))/((-1)/t)?
2, 3, 11
Suppose m + 1 = 0, -2*w - 4*m + 230 = -2918. What are the prime factors of w?
2, 197
Let h be 33 - (70/(-30) + (-2)/3). Suppose -v = -2*f - 12, 4*v + 0*v - 5*f = h. What are the prime factors of v?
2
Suppose 2*m - 191 - 275 = 0. Let o = m - 163. List the prime factors of o.
2, 5, 7
Let w(k) = -k**3 - 20*k**2 + 21*k + 2. Let l be w(-21). Suppose 92 = 2*c - 2*g, l*g + 48 = 2*c - c. What are the prime factors of c?
2, 11
Let g(w) = -9*w**3 + 2*w**2 + 3*w - 2. Let m = 98 - 100. What are the prime factors of g(m)?
2, 3
Suppose 2*w = -3*b + 707, w - 370 = 4*b - 1320. Let i be b/(-9) - (-2)/(-3). Let f = i - -42. What are the prime factors of f?
3, 5
Let p(s) = s**2 + 2*s + 2. Let a = 6 + -3. Let r be p(a). Suppose 0 = -0*f + f - r. What are the prime factors of f?
17
Suppose -5*g + 2 = -8, g = -4*j + 1274. List the prime factors of j.
2, 3, 53
Let m = -340 - -333. Let o(w) be the first derivative of w**4/4 + 2*w**3 - 9*w**2/2 - 2*w + 1. What are the prime factors of o(m)?
2, 3
Suppose -4 + 36 = 2*k + 3*r, -3*k = -r - 37. Let m(o) = -3*o + 11. Let x(y) = 6*y - 22. Let w(p) = -5*m(p) - 2*x(p). List the prime factors of w(k).
2, 7
Suppose -3*n + 2111 = -5*l, 2*n = 3*n - l - 703. List the prime factors of n.
2, 3, 13
Suppose 3*j - 3*u - 1608 = 0, -305 + 1389 = 2*j + 2*u. List the prime factors of j.
7, 11
Suppose 7*q = 1578 + 3945. What are the prime factors of q?
3, 263
Suppose -60 = -2*f + 4. Suppose t + f = 37. What are the prime factors of t?
5
Let k be (-1 - 101) + -25 + 27. Let g = -46 - k. List the prime factors of g.
2, 3
Suppose 4 = -2*m - 2*h, -5*h = m - 9*h - 8. Suppose -20 - 30 = 5*c. List the prime factors of m - c - (18 + -22).
2, 7
Suppose 750 = 3*w + 24. Suppose -3*z + 2*y = -w, 6 = -2*y - 2. What are the prime factors of z?
2, 3, 13
Suppose w + 482 = 2*a, 2*w + 234 = a - 2*w. List the prime factors of a.
2, 11
Let f(b) = b**2 - b + 153. List the prime factors of f(-22).
659
Let g = -3 - -19. Suppose -52 = -g*n + 12*n. What are the prime factors of n?
13
Let p be 2/(-5) - (-27)/5. Suppose b = p*b. Suppose -3*l + l - 5*d + 99 = b, 5*d = 2*l - 49. What are the prime factors of l?
37
Suppose -74*b = -80*b + 6684. What are the prime factors of b?
2, 557
Let d = 12 - 8. Suppose -9 = -7*l + d*l. Suppose 3*c - c - 32 = -2*z, l*z + 72 = 5*c. What are the prime factors of c?
3, 5
Suppose 9255*a - 7392 = 9247*a. What are the prime factors of a?
2, 3, 7, 11
Let y(g) = 18*g**2 + g + 1. Let r be y(-1). Suppose v - 3*b = r, 5*v + 7*b + 5 = 3*b. Suppose -20 = -w + h, w = -2*h - v*h - 10. List the prime factors of w.
3, 5
Let k = 1702 + -1050. What are the prime factors of k?
2, 163
List the prime factors of 38/76*6*487.
3, 487
List the prime factors of (162/(-4))/((-25)/250).
3, 5
Let k(v) = -v**3 + 6*v**2 - 9. Let m be (-15)/3*(-2)/2. List the prime factors of k(m).
2
Let k be -38 + (0 - (2 + -3)). Suppose -35 - 22 = -t. Let m = k + t. What are the prime factors of m?
2, 5
What are the prime factors of 5 + 2496/(7 + 1)?
317
Let c = -67 - -152. Let y = c - 17. What are the prime factors of ((-8)/16)/((-1)/y)?
2, 17
Let j be (-4)/12 + (-1)/(-3). Let n be 0/(2 + 2 + -1). Suppose j = v - b - 5, 3*v + 4*b + n - 1 = 0. What are the prime factors of v?
3
Let d be 72/42*(78 - 1). Let t be ((-15)/(-10))/(9/d). What are the prime factors of ((-33)/t)/(6/(-212))?
53
Let k(i) = -i**3 - 10*i**2 - 9*i - 8. Let w be k(-8). Let v = w - -30. Let q = v + 55. What are the prime factors of q?
3, 7
Suppose -125*x + 112*x = -63830. What are the prime factors of x?
2, 5, 491
Let b(x) = -3*x - 12 - x + 6*x + 0*x. What are the prime factors of b(7)?
2
Let x(q) = 53*q**2 + 18*q + 36. What are the prime factors of x(-8)?
2, 821
Let j be 7/(-63)*6 + 431/3. Let n = j - 6. List the prime facto